8138363 prime?
True
Is 21141751 a composite number?
False
Is 175026911 prime?
True
Is 4666043 a composite number?
True
Is 633187 a composite number?
False
Is 2719459 a composite number?
False
Is 4152019 a composite number?
False
Is 1458161 prime?
False
Is 100167481 a prime number?
False
Is 4087867 a composite number?
True
Is 2063642623 prime?
False
Is 300108713 composite?
True
Is 2247851 prime?
True
Is 2556907 a prime number?
True
Is 1678657 a prime number?
True
Is 615705251 a composite number?
True
Is 23545063 composite?
True
Is 9502123 prime?
False
Is 6853081 composite?
False
Is 97095217 a composite number?
False
Is 152823371 a composite number?
False
Is 35231621 a composite number?
False
Is 26194601 composite?
False
Is 47212651 composite?
False
Is 29251 a prime number?
True
Is 9105839 composite?
False
Is 12804499 a prime number?
False
Is 112802033 a composite number?
True
Is 12338621 prime?
True
Is 4460579 a composite number?
True
Is 32183 a prime number?
True
Is 313211 prime?
True
Is 90675989 a composite number?
True
Is 14924197 a composite number?
False
Is 469487 a composite number?
False
Is 308699 prime?
False
Is 102367 composite?
False
Is 477671 a composite number?
False
Is 4658749 a composite number?
True
Is 2617793 a composite number?
False
Is 3537641 prime?
True
Is 238927 composite?
True
Is 68023 a prime number?
True
Is 297594789 a prime number?
False
Is 24558529 a prime number?
True
Is 19251013 composite?
False
Is 11059073 a composite number?
False
Is 191689 composite?
False
Is 2354161 a composite number?
False
Is 112283923 composite?
False
Is 8668951 a prime number?
True
Is 1680359 a prime number?
True
Is 6889703 a composite number?
False
Is 39127939 prime?
False
Is 2259581 composite?
False
Is 24949747 a prime number?
True
Is 83373011 composite?
False
Is 2780593 prime?
False
Is 2972069 composite?
False
Is 446111 prime?
True
Is 66014753 prime?
False
Is 871541449 a composite number?
False
Is 30066209 composite?
False
Is 85344173 prime?
True
Is 80801849 composite?
False
Is 18583069 a prime number?
False
Is 265345 composite?
True
Is 22830583 a prime number?
True
Is 2317859 a prime number?
False
Is 860207 prime?
False
Is 1683733 composite?
False
Is 5986207 a composite number?
False
Is 309006953 prime?
False
Is 108707 a composite number?
False
Is 175949 a prime number?
True
Is 5010487 a composite number?
True
Is 14908829 a prime number?
False
Is 20994613 a prime number?
False
Is 391334467 a composite number?
False
Is 129688673 a prime number?
True
Is 132135449 composite?
False
Is 3388173 prime?
False
Is 32013133 a prime number?
True
Is 68077111 a composite number?
False
Is 145248563 prime?
False
Is 724951 a composite number?
True
Is 15946863 composite?
True
Is 192303469 prime?
True
Is 17487221 a prime number?
True
Is 1335163 a prime number?
False
Is 17500391 composite?
False
Is 737622383 a prime number?
True
Is 14999497 composite?
True
Is 744587 a composite number?
True
Is 61287397 composite?
True
Is 1124009 composite?
True
Is 597026 a prime number?
False
Is 33777789 composite?
True
Is 38168257 composite?
False
Is 8427779 a prime number?
True
Is 65265067 composite?
True
Is 169716809 a prime number?
True
Is 59752783 a prime number?
False
Is 408833767 a composite number?
False
Is 1435783 prime?
True
Is 123090953 composite?
False
Is 83319721 a composite number?
False
Is 3461641 composite?
False
Is 6956309 composite?
True
Is 1185817 composite?
False
Is 14228261 a prime number?
True
Is 87002479 composite?
False
Is 5036629 a prime number?
False
Is 3931639 composite?
False
Is 3060557 prime?
True
Is 2097569 composite?
True
Is 889419 a composite number?
True
Is 5539157 a prime number?
False
Is 1055533 composite?
True
Is 369997 a prime number?
True
Is 4165871 prime?
False
Is 7327937 a prime number?
False
Is 16206065 a prime number?
False
Is 2288939 prime?
True
Is 13972397 composite?
False
Is 1266149 prime?
True
Is 25371721 prime?
True
Is 8622191 composite?
False
Is 3733549 prime?
True
Is 1054897 a prime number?
False
Is 26355553 prime?
False
Is 20535613 prime?
False
Is 6231301 composite?
False
Is 718928477 composite?
False
Is 1679263 a prime number?
False
Is 7634563 a prime number?
True
Is 3379633 a composite number?
False
Is 1912843 composite?
False
Is 115361327 composite?
False
Is 10882577 composite?
False
Is 342787 prime?
False
Is 19084027 composite?
False
Is 37850159 prime?
True
Is 317049 prime?
False
Is 15392651 composite?
False
Is 555993193 composite?
True
Is 5048119 a prime number?
True
Is 114031 prime?
True
Is 85868141 prime?
True
Is 19664311 a composite number?
True
Is 45095537 prime?
False
Is 1638358721 composite?
False
Is 14716349 a composite number?
True
Is 47995193 a composite number?
True
Is 5822305 prime?
False
Is 4093679 a composite number?
False
Is 5880099 prime?
False
Is 34003843 a composite number?
False
Is 3593201 a prime number?
True
Is 24935983 composite?
False
Is 1040719 a prime number?
False
Is 655290469 composite?
True
Is 28434551 a composite number?
False
Is 202077347 a prime number?
True
Is 5994109 composite?
True
Is 3680899 a composite number?
True
Is 346933 prime?
True
Is 5502697 prime?
False
Is 60850927 composite?
False
Is 35289133 a prime number?
False
Is 1190191 a composite number?
True
Is 11229413 prime?
False
Is 17643289 composite?
False
Is 75127193 composite?
False
Is 10654717 prime?
False
Is 2968363 composite?
True
Is 219696461 a prime number?
True
Is 239873 a prime number?
True
Is 118564283 composite?
False
Is 1269473 a composite number?
True
Is 1980191 a composite number?
False
Is 46186337 composite?
False
Is 69299447 composite?
True
Is 4884109 composite?
True
Is 9501782 a composite number?
True
Is 185903 a prime number?
True
Is 6384451 prime?
False
Is 348353 prime?
True
Is 2648879 a prime number?
True
Is 237935257 composite?
True
Is 38427793 prime?
False
Is 20026207 prime?
True
Is 171389987 a prime number?
True
Is 562823 prime?
False
Is 16644637 prime?
False
Is 12335729 a prime number?
False
Is 556913 prime?
False
Is 104439431 a composite number?
False
Is 107867 prime?
True
Is 100680691 a prime number?
True
Is 720341 a prime number?
False
Is 17579719 composite?
False
Is 5119529 a composite number?
False
Is 503003 a prime number?
True
Is 80758829 a prime number?
False
Is 692590531 a prime number?
False
Is 56070943 a prime number?
True
Is 2529643 a composite number?
False
Is 36085601 a composite number?
False
Is 116485349 a composite number?
False
Is 8502173 composite?
True
Is 85861663 a composite number?
True
Is 1385339 a prime number?
False
Is 26652851 a composite number?
False
Is 12018931 prime?
True
Is 6569909 a composite number?
True
Is 700705039 composite?
False
Is 4411357 composite?
False
Is 1104358 composite?
True
Is 119094257 a prime number?
True
Is 158406047 prime?
True
Is 3205798 prime?
False
Is 92821193 prime?
False
Is 2732843 a prime number?
True
Is 7258687 a composite number?
True
Is 863479 composite?
False
Is 4572157 prime?
True
Is 1357001 composite?
False
Is 81819799 composite?
False
Is 8046041 a prime number?
True
Is 45758717 a prime number?
True
Is 187904713 prime?
False
Is 12600859 a composite number?
True
Is 10286219 composite?
False
Is 50456377 composite?
True
Is 823399 composite?
False
Is 7379797 a prime number?
True
Is 5157571 prime?
True
Is 1404187 a composite number?
True
Is 430985015 composite?
True
Is 20292619 composite?
False
Is 64667501 a composite number?
False
Is 49040177 prime?
True
Is 15074099 prime?
True
Is 24260297 composite?
False
Is 3806083 a composite number?
False
Is 65777 a prime number?
True
Is 53418319 composite?
True
Is 204071221 composite?
False
Is 150109513 a prime number?
True
Is 208201901 prime?
True
Is 5326673 prime?
False
Is 119028549 a composite number?
True
Is 8512121 composite?
True
Is 304253947 a prime number?
False
Is 263899 a prime number?
True
Is 1481357 a composite number?
False
Is 331954019 prime?
False
Is 8254319 a prime number?
True
Is 15482734 a composite number?
True
Is 1633387 a prime number?
False
Is 1642005205 a prime number?
False
Is 7092851 composite?
False
Is 146605937 prime?
True
Is 278384947 composite?
False
Is 13104979 composite?
False
Is 116227 composite?
True
Is 30387091 a composite number?
True
Is 1490789 prime?
True
Is 7125463 a com